*i + 3. Let a be v(-2). Let y be f(a). Let s(j) = -j + 4. Give s(y).
1
Let d(q) = 2*q + 2. Let l(p) = 5*p + 3. Let y(u) = -7*d(u) + 3*l(u). What is y(5)?
0
Let b(a) be the second derivative of -a**4/12 + 5*a**3/6 + 2*a**2 + 4*a. Determine b(7).
-10
Let v(o) = o**2 - 8*o + 8. Let t be v(7). Suppose k + 4*n = 2 - 0, 4*k = -4*n + 8. Let y(u) = -u**2 - 4*u - 2 + 0*u**k - t. Calculate y(-4).
-3
Let l be ((-3)/2)/(2/4). Let f = -2 - l. Suppose -5*w + 4*w = f. Let h(u) = -5*u**3 + 2*u**2 - 1. Determine h(w).
6
Let m(q) = -q - 1. Let c(h) = -2*h**2 - 2. Let g(d) = -c(d) + 5*m(d). Let j be (-1)/(-1)*(-2 + 6). Calculate g(j).
9
Let k be 34/9 - (-2)/9. Let h(b) = -b**3 + 4*b**2 + b + 3. Give h(k).
7
Let n(v) be the third derivative of v**4/24 + v**3/2 - 10*v**2. Determine n(-5).
-2
Let o(i) = 3*i - 2. Let p(l) = -l + 1. Let x(z) = -2*o(z) - 7*p(z). Let k(m) = -m**3 - 6*m**2 - 5*m. Let g be k(-5). Calculate x(g).
-3
Let b be (-2)/3 + 8/3. Let t be ((-1)/(-3))/(b/12). Let s = t - 3. Let w(i) = 8*i**2 + i. Calculate w(s).
7
Let g(l) = -l**2 - 8*l + 10. Let u(z) = z. Let d(c) = g(c) + 4*u(c). Calculate d(-7).
-11
Let n(m) = -m**2 + 4*m - 1. Let v be n(4). Let u(y) = 6*y. Determine u(v).
-6
Let p(j) be the first derivative of -j**3/3 + 3*j**2/2 - j - 3. Let s be (-5)/(-2*2/4). Give p(s).
-11
Suppose 2*h - 2*y = 3*y + 20, 0 = -3*y - 12. Let u(m) = -4*m**2 + 0 + 5*m**2 + 6. Determine u(h).
6
Let w(t) = -3*t**2 + 0 + 3 + 2*t**2 - 1. Calculate w(-3).
-7
Let q(c) = 5*c**3 - 19*c**2 - c - 16. Let f(a) = 2*a**3 - 9*a**2 - 8. Let g(j) = 7*f(j) - 3*q(j). Calculate g(-6).
-26
Let i(x) be the third derivative of x**6/60 + x**5/60 + 11*x**2. What is i(-1)?
-1
Let j(t) be the third derivative of -2*t**2 + t**3 - 1/60*t**5 + 0*t + 1/4*t**4 + 0. Give j(6).
6
Suppose 0 = 5*c + 6 - 1. Let l be (-2 - -8) + (1 - c). Suppose 3*i + l + 11 = 5*m, 0 = 5*m + i - 27. Let s(a) = -a**3 + 6*a**2 - 4*a + 3. Determine s(m).
8
Let o(y) be the second derivative of -y**5/20 - 3*y**4/4 - y**3/6 - y**2 + y. Let b be o(-9). Let t(i) = -i**2 + 9*i - 10. Calculate t(b).
4
Let v = 4 + 3. Let r(j) = j**3 - 7*j**2 - 2*j + 7. Give r(v).
-7
Suppose 5*d + 35 = 5*o, -d + 26 = 2*o - 6*d. Suppose -19 = -u + 3*z, -22 = -o*u + 2*z - 0*z. Let q(b) = -4*b - b**2 + u*b. Calculate q(3).
-9
Let v(q) = q**2 + q - 1. Let y be v(1). Let j(a) = -1 + 2 + 2*a + y - 4. What is j(3)?
4
Let o(x) = -4*x**3 - x**2 + x. Let l be ((-6)/9)/(2/21). Let t = -6 - l. What is o(t)?
-4
Let n(d) = d**3 - 4*d**2 + d + 2. Let a be 1*4*(-16 + 17). What is n(a)?
6
Suppose -4 = -r + 3*q + 6, 0 = -5*q - 20. Let n(d) be the second derivative of 2*d**3/3 + d**2 + 17*d. Give n(r).
-6
Let c(d) = -d**2 - 5*d - 1. Suppose 6*b + 2*j = 5*b - 12, 5*b + 3*j + 39 = 0. Suppose 0*g = 4*g - 12. Let t be 8*(g/b + 0). What is c(t)?
3
Let f(g) = -19*g. Suppose 5*u + 1 = c + 3, 13 = 4*u + 3*c. Give f(u).
-19
Let o(v) = 4*v - 4. Let y(t) = 8*t - 9. Let z(m) = 7*o(m) - 3*y(m). What is z(1)?
3
Let b(x) = -x**3 + x**2 + x - 1. Let t(u) = -3*u**3 - 2*u**2 + 3*u + 2. Let d(n) = n**2 - 10*n + 12. Let s be d(8). Let z(l) = s*b(l) + t(l). Determine z(6).
0
Let c(j) = 2*j**3 - 2*j**2 + 4*j. Let v(n) = -5*n**3 + 5*n**2 - 11*n. Let f(o) = 8*c(o) + 3*v(o). What is f(3)?
15
Let s(q) = -2*q + 4 - 2 - 5 - q**2. Suppose -4*h - 6 - 6 = 0. What is s(h)?
-6
Let f(v) = -8*v - 6 + 1 - v**2 - 1 + 0*v. Let w = -2 - 4. Let d be f(w). Let g(y) = y - 8. Determine g(d).
-2
Let q = 5 + 0. Let n(v) be the second derivative of -v**4/12 + 7*v**3/6 - v**2 - 20*v. Determine n(q).
8
Let o(r) = -r + 6. Let v = 1 - 1. Let j(b) = 2*b + 29. Let z be j(-12). Suppose -4*y + z*w + 32 = v, -y - 12 = -5*w - 35. What is o(y)?
3
Let m = -1 - -3. Let b = 8 - 6. Let z(k) = -2*k + b - 2*k + 6*k. Give z(m).
6
Let f(l) = 7*l. Let i be (-4)/10*10/4. Determine f(i).
-7
Let k(r) = -r**3 + 3*r - 1. Let d(t) = -t**2 - 14*t + 2. Let f be d(-14). Calculate k(f).
-3
Let t(c) = -c + 6. Let q be t(5). Let k = 1 - q. Let m(r) = r - 2. What is m(k)?
-2
Let b(s) be the first derivative of -s**4/4 + 4*s**3/3 - 3*s**2/2 + s - 37. What is b(3)?
1
Let p = 19 + -4. Let u be 33/p + (-2)/10. Let z(h) = -h**2 + 3*h - 3. Give z(u).
-1
Suppose c - 12 = -c. Let y(x) = -6*x + c*x - 4 + x**2 - 2*x. Suppose 0 = 5*r - 15 - 0. Calculate y(r).
-1
Suppose -8*x + 5*x + 9 = 0. Let d(p) = -p. Determine d(x).
-3
Let d = 2/291 - -31/194. Let f(g) be the third derivative of 1/60*g**5 + 1/6*g**3 + 0 + g**2 + d*g**4 + 0*g. Calculate f(-3).
-2
Let a be (-30)/(-5) + (3 - 3). Suppose -9 = -2*d + 3. Let y(w) = 2 - 5 + w - d. What is y(a)?
-3
Let x(j) = -2*j + 8. Let b = -134 + 140. Determine x(b).
-4
Let u(j) = -3*j - 1 + 0*j + 4*j**2 + 5*j. Let t(a) = -a**3 - 7*a**2 + a + 8. Let g be t(-7). What is u(g)?
5
Let a(p) = -p + 5. Let v be a(-3). Let w(t) = -2*t + 8. What is w(v)?
-8
Let g(x) = -x**2 - 6*x + 3. Let d(k) = k**3 - 12*k**2 + 12*k - 17. Let i be d(11). Give g(i).
3
Let q(j) = 2*j**3 - 2*j**2 - j + 1. Let u(x) = 0*x + 2*x + 8 - 3*x - 9. Let b be u(-3). Calculate q(b).
7
Let k(q) = 2*q + 2. Let i be (-2)/(-5) + 44/(-10). Let h(y) = 3*y + 3. Let s(f) = i*k(f) + 3*h(f). Give s(5).
6
Let g(o) = o**3 - 6*o**2 + o - 6. Suppose b + 1 + 8 = 0. Let z = -3 - b. Let q be g(z). Let a(w) = -w - 6. Calculate a(q).
-6
Let v(i) = -3*i - 2. Let c(u) = 7*u + 5. Let a(r) = 2*c(r) + 5*v(r). Let h(k) = -k + 1. Let g be h(4). Give a(g).
3
Suppose 8 = 4*s - 4*j, 2 = s - 3*j + 7*j. Let d(n) = -1 + 3 + 18*n**2 - 17*n**s. Calculate d(2).
6
Let l(d) = 0 - 1 + 0 + 8*d. Suppose -5*s + 2 = 3*n - 7, 5*s - 3*n = 21. Suppose 3*b + 15 = 0, s*t - 3*b - 11 - 7 = 0. Calculate l(t).
7
Let p = -81 + 77. Let s(b) = 2*b**2 + 3*b + 1. Calculate s(p).
21
Suppose 3*a - 5*a = 0. Suppose a = u - 0*u. Let x(n) = n + 3. What is x(u)?
3
Let k(o) be the third derivative of -o**4/24 + o**3/3 - 11*o**2. Give k(8).
-6
Suppose v = -3*m - 0*v - 19, 4*m - 4*v = -4. Let a(y) = -y**2 - 3*y + 6. Determine a(m).
-4
Let m(p) = -p**2 + 5*p + 5. Suppose 0 = 2*l + 2*l + 5*c - 9, -3*c = -5*l + 2. Suppose l = -b + 3*v, 1 = -2*b + 4*v + 3. Determine m(b).
5
Let r(l) = -7*l + 3. Let q(k) = -27*k + 11. Let w(f) = 2*q(f) - 9*r(f). Calculate w(4).
31
Let v(h) = h**2 - 2*h - 1. Let d(j) = -j**2 + 4*j. Let t be d(4). Suppose -2 = -t*b - b. Determine v(b).
-1
Let d(w) = -10 + 0*w**2 + 5*w + 2 + w**2. Suppose -3*i - 5*a + 101 = 0, 2*a = 5*i - 80 - 47. Suppose 0 = 4*m + o + i, 0*m + 18 = -4*m + 2*o. Determine d(m).
-2
Let v(w) = 6*w. Let j(u) = -5*u + 3*u + u + 2*u. Let d(g) = -4*g. Let z(n) = d(n) + 5*j(n). Let h(y) = 6*v(y) - 39*z(y). What is h(-3)?
9
Let u(f) = -f**3 + 9*f**2 - 9*f + 11. Let z be u(8). Let o(t) = 1 + 2*t - z + 3. Calculate o(-4).
-7
Suppose 4*n + a = -15, n + 20 = 4*a - a. Let j(f) = 7 + f - 2*f**2 + 4*f**2 + f**3 + 3*f**2. Give j(n).
2
Let x(l) = -5*l**2 + 8*l - 11. Let n(r) = 8*r - 9 + 0 + 2 - 3 - 4*r**2. Let w(g) = -4*n(g) + 3*x(g). Give w(6).
-5
Suppose m + 0 - 5 = 0. Let d(n) = -n**3 + 0 - 2 + 6*n**2 - 4*n - 4. What is d(m)?
-1
Let b(i) = -i**3 + 1. Let q(c) = -3*c**3 + 3*c**2 + 2*c + 6. Let g(l) = 2*b(l) - q(l). Calculate g(3).
-10
Let h(n) = -n - 18. Let q be h(-17). Let d(s) = -s**2 + s. Calculate d(q).
-2
Let p be 2/4*2*1. Let y be p/(0 - (-1)/4). Let f(m) = -5*m + 2*m + y*m. Give f(-4).
-4
Let r(u) = 5*u**3 - 8*u + 4. Let t(w) be the second derivative of -7*w**5/10 + 23*w**3/6 - 11*w**2/2 + 2*w. Let b(n) = 17*r(n) + 6*t(n). Determine b(-2).
-10
Suppose x + 5*l + 2 = 3*x, 0 = -3*x - 4*l + 3. Suppose 2*r = -x + 5. Let s(k) = -k - 2. Determine s(r).
-4
Suppose 6 = -2*b - 5*g + 1, 5*g = 4*b - 35. Suppose -4*z - 3*x - x = -32, b*x = -z + 8. Let o(v) = 4 + 4*v + z*v**2 - 2*v**2 - 5*v**2. Determine o(-3).
1
Let m(z) be the first derivative of -1 - 1/2*z**2 + z. Suppose 9*b = 4*b + 20. Give m(b).
-3
Let t = -2 + 5. Let z(f) = f**2 - 9*f**t - 1 + 2 - 2*f**2. Suppose 140*r - 132*r = -8. Determine z(r).
9
Let s(o) = -o**2 + 3*o + 34. Let t be s(8). Let l be (-3)/(-1 - (-2 - -2)). Let r(a) = 0*a - l*a + 2*a. Give r(t).
6
Let b(m) be the second derivative of -m**4/12 + m**3/2 - m**2 + m. Let q = 6 + -2. Calculate b(q).
-6
Let d(m) be the first derivative of m**4/4 - 7*m**3/3 - 3*m**2/2 + 10*m + 30. Calculate d(7).
-11
Let x(c) = 14*c**3 + 5*c**2 - 6*c + 23. Let a(m) = 5*m**3 + 2*m**2 - 2*m + 8.